**5/5 + h**4/12 - h**3/6 - h**2/2 - 1959*h. Give q(d).
-3
Let u(d) = -d**2 + 6*d - 5. Suppose 0 = 2*t + 3*q + 3 - 33, -60 = -4*t - 3*q. Let f(j) = 32 - j - 8 - 8 - t. Let x be f(-5). Calculate u(x).
-5
Let h(v) = v**2 - 56*v - 28*v + 68*v + 14. What is h(14)?
-14
Let q(v) = 12*v**2 - 2*v - 1. Suppose -2928 = 5*x + 7*x. Let b = -245 - x. What is q(b)?
13
Let a(u) = 19*u. Let s(t) = 19*t + 1. Let w(d) = 3*a(d) - 2*s(d). Let f(j) = 7*j - 1. Let q(b) = -11*f(b) + 4*w(b). Determine q(8).
-5
Let v = -28 + 31. Let j(o) be the second derivative of -1/2*o**3 + 0*o**2 + 1/12*o**4 - 7*o + 0. Give j(v).
0
Let f(g) = -g**3 - 2*g**2 + 2*g + 2. Let x = 150 + -138. Suppose -x = 4*t - 10*t. Give f(t).
-10
Suppose 2*g - 4*o - 28 = 0, -5*o = -5*g - 3*o + 62. Suppose -4*m - h = -4*h - 14, -3*m + 3*h + g = 0. Let n(x) = -5*x - 1. What is n(m)?
-11
Let z(f) = -5*f - 6. Let i(u) = u + 1. Let x(o) = -4*i(o) - z(o). Let l(j) = -j - 3. Let h be l(3). Let w be -1 - h - 16/2. Calculate x(w).
-1
Let b(n) = 9*n + 5. Let g be b(2). Let f = 30 - g. Suppose 0 = p + 3*k - 1, 0*p - 5*k + f = -p. Let u(z) = -z**3 - 2*z**2 - 2. Determine u(p).
-2
Let b(d) = -11*d**3 + d**2 - 1. Let p be (-3)/2*(-1)/(18/24). Let l(q) = q - 2. Let r be l(3). Let v be r*p/10*5. What is b(v)?
-11
Suppose 0*f = -5*f - 5*t - 215, 0 = -3*f - t - 127. Let u = f + 47. Suppose -12 + u = 7*j. Let d(c) = -21*c. Give d(j).
21
Let z = -1477 + 1482. Let m(f) = -1 - 11 - 25*f + 3*f**2 + 4*f**2. Let v(u) = -3*u**2 + 12*u + 6. Let r(w) = z*v(w) + 2*m(w). Calculate r(11).
-5
Let f = 1067 - 1049. Let c(t) = -t**2 + 18*t + 5. Calculate c(f).
5
Let d(t) = 61*t**3 - 21*t**2 - 179*t - 38. Let h(b) = 9*b**3 - 3*b**2 - 26*b - 6. Let q(y) = 4*d(y) - 27*h(y). Determine q(5).
-10
Let c = 136 + 45. Let n = 175 - c. Let f(h) = -3*h - 4. What is f(n)?
14
Suppose 3*w = 9*w - 300. Let f(u) = -99 + w + 50 - 2*u. Give f(-2).
5
Suppose 261*d = 231*d - 150. Let g(i) = 7*i**2 - 13*i + 5. Let b(l) = 6*l**2 - 12*l + 4. Suppose 3*a - 30 = -2*a. Let y(s) = a*b(s) + d*g(s). What is y(7)?
-1
Let h(p) = p. Let g(c) = -c**2 - 11*c + 8. Let z be g(-12). Let b be (2 - (-10)/z)*-6. Suppose 2*w + 15 = 7*w, -15 = b*n - 3*w. Give h(n).
-2
Suppose -3*j = 5*k - 33, 0 = 43*j - 44*j - k + 15. Let r(q) = -5*q + 102. What is r(j)?
-3
Let q(n) = n**2 - 4*n + 2. Let z(l) = -332*l + 1332. Let h be z(4). What is q(h)?
2
Suppose 0 = -0*g + g + 1. Let m = 7 - g. Let u(k) = -41*k + 1429. Let s(c) = -34*c + 1191. Let a(j) = -6*s(j) + 5*u(j). What is a(m)?
-9
Let z(i) be the second derivative of 2*i**3/3 - i**2/2 + 431*i + 3. Let s(x) = -x**2 + 12*x - 1. Let d be s(12). Determine z(d).
-5
Let x = -22 + -11. Let c = 35 + x. Let w(n) = 161*n**2 + 162*n**c + n**3 - 318*n**2 + 2*n. What is w(-5)?
-10
Let o(n) = 25*n**3 + 2*n**2 - n - 1. Suppose -5*k - 11*h = -8*h + 8, -2*h = 2*k + 4. Calculate o(k).
-23
Let b(c) be the first derivative of 11*c**3/3 - 2. Let g be 33*(272/(-255) + (-2)/(-5)). Let y be (-4)/(-7) - g/(-14). Determine b(y).
11
Let x(n) = 4*n**2 - 4. Let t(w) = 3*w**2 - 3. Let i(v) = v**3 + v. Let q be i(-1). Let g(l) = q*x(l) + 3*t(l). Let f be 14/21 + 1/3. What is g(f)?
0
Suppose 5*d + 1232 = -107*d. Let n(y) = -3*y - 39. What is n(d)?
-6
Let k = -6795 + 6786. Suppose -1 = -l + 2*i - 3, -8 = -2*l - 2*i. Let w(m) = 0*m**3 - 9*m**2 + m - 4 - l*m**3 + 12 + m**3. Determine w(k).
-1
Let s be (5*-1 - (7 - 10)) + 18. Let z(m) = -m**2 + 11 - s + 4. Determine z(3).
-10
Suppose -12*x = 18 + 6. Let h(z) = 5*z**2 + z - 2. Let j(i) = 22*i**2 + 5*i - 8. Let k(v) = x*j(v) + 9*h(v). Calculate k(3).
4
Let r(l) = -l**3 + 7*l**2 - 26*l + 26. Let g be r(2). Let a(n) = -7*n - 12. What is a(g)?
30
Let j(l) = -l**2 + 10*l - 5. Let u be j(10). Let x be (-13325)/u + -3 + 6. Let i(q) = -9 + x*q**3 - 4*q - 9*q**2 + 2*q - 2669*q**3. Calculate i(-9).
9
Let y(u) = -u**3 - 11*u**2 - 9*u + 6. Let m = 98 + -88. Suppose -m = 13*z + 120. What is y(z)?
-4
Let l(x) = -1066*x - 13 + 368*x + 2*x**2 + 352*x + 374*x. Calculate l(-14).
-13
Let w(c) = -c**2 - 23*c - 63. Let g be w(-19). Let y(v) = v - 20. Give y(g).
-7
Let n be -2*15 + (15 - 96/12). Let k(j) = -2*j**2 - 48*j - 48. Give k(n).
-2
Let r = -106 - -104. Let c be r - -3 - 6/(-2)*-1. Let p(n) = -n**3 + n + 2. Give p(c).
8
Let p(a) = -a + 10. Let d be p(5). Let z be -5*(-2 + 12/d). Let c(u) = 7*u + 18. Let g(h) = -8*h - 21. Let l(j) = -7*c(j) - 6*g(j). Determine l(z).
2
Let p(c) = 9*c - 205. Suppose 0 = 16*u + 90452 - 90804. Give p(u).
-7
Let p(q) = 4*q - 6. Let u(c) = 9*c - 11. Let f be (3/2)/((-84)/392). Let s(i) = f*p(i) + 3*u(i). Calculate s(7).
2
Let o(h) be the third derivative of -h**5/60 + h**4/2 + 89*h**3/6 - 96*h**2 - 5. Give o(17).
4
Let l(p) be the first derivative of -p**4/4 + p**3 + 2*p**2 - 2*p + 5538. Calculate l(5).
-32
Let s(n) = -n + 9 + 2 - 19 + 9 + 0. Determine s(-9).
10
Let t(y) = -y**2 + 12*y + 15. Let p be t(12). Let l = -9 + 14. Let k(a) = -4*a + p - 4 - 2*a + l*a. What is k(9)?
2
Let x(r) be the second derivative of r**4/12 - r**3/2 + 7*r**2/2 - 681*r. What is x(5)?
17
Let l(c) = 4*c**2 + 3*c - 1. Let z(v) = -17*v**2 - 5*v + 2. Let s(h) = 4*l(h) + z(h). Suppose k - 22 = -w, 4*k = -2*w - 3 + 43. Let n = w + -17. Determine s(n).
-2
Suppose t = 4*i - 4, 2*i + 79 = 4*t + 95. Let p(n) = n + 38. What is p(i)?
38
Let n(i) = -7*i + 558 - 13*i - 189 - 187 - 183. What is n(-1)?
19
Let l = 3 - -2. Let g = 546 + -544. Let j(f) = 3 - 96*f**g + 30*f**2 - 5*f + 37*f**2 + 30*f**2. Give j(l).
3
Let x = -3133 - -3136. Let g(z) be the second derivative of -15*z - z**2 - 1/6*z**x + 0 - 1/12*z**4. Determine g(2).
-8
Let r(d) = -6*d - d - 3 + 1. Let p(a) = a**3 - 22*a + 2. Let x be p(-6). Let s = -86 - x. Determine r(s).
26
Let v(i) be the third derivative of -43*i**2 - 1/30*i**5 + 1/12*i**4 - 13/6*i**3 + 0*i + 0. Let d(y) be the first derivative of v(y). What is d(7)?
-26
Let d(k) = -5*k**2 + 5*k - 8. Let x(f) = -6*f**2 + 5*f - 9. Let u(l) = 7*d(l) - 6*x(l). Let t = 42 + -47. Calculate u(t).
-2
Let g(n) = -1 - n**2 + 3 - 3*n + 10*n. Let q be ((-203)/28 + 9)*(0 + 68). Let i = 126 - q. Determine g(i).
2
Let s(r) = r**3 + 8*r**2 + 11*r - 1. Suppose 4*m + x = -23, 5*x - 5 = -0. Give s(m).
5
Let b(v) = 3*v - 19. Let l be 6/(7 + -1)*0. Let g be (-5 - l)/((-15)/18). What is b(g)?
-1
Let o(b) be the third derivative of 0 - 24*b**2 + 4/3*b**3 + 2*b - 1/12*b**4. Give o(6).
-4
Let t(c) = c**2 - c - 21. Let s(m) = -2*m - 38. Let u be s(-21). Suppose -7*k = 3*k - 80. Suppose 0 = v - 5*j - 10, 0*v - 3*v - k = u*j. Give t(v).
-21
Let u(a) be the second derivative of a**4/12 - a**3/3 - a. Let n be 48/27 - (-46)/207. Suppose -4*y = -n*h + 50 - 68, -8 = -3*h - y. Determine u(h).
-1
Suppose 4*v + 10*c = 8*c - 62, 0 = v - 4*c + 29. Let s(x) = -2*x - 50. Determine s(v).
-16
Suppose 21*i = 7*i - 3*i + 51. Let s(k) = k**3 - k**2 - 3*k - 9. What is s(i)?
0
Let a(h) = h**3 - h**2 + 5*h + 2. Let o be (-4)/12*6/18*9 + -3. Give a(o).
-98
Let t(o) = o**2 + 30*o + 168. Let x(i) = -7*i**2 - 60*i + 20. Let a be x(-9). Calculate t(a).
7
Let f(a) be the third derivative of -a**4/24 + a**3/6 - 275*a**2. Let g(d) = -3*d + 6 - 14*d + 4*d. Let s(h) = 3*f(h) - g(h). What is s(2)?
17
Let l(p) = 2*p - 13. Suppose 46 = 6*c - 38. Let g(d) = 4*d - 41. Let i be g(9). Let m be 105/c*(-6)/i. Give l(m).
5
Let h(j) = -j**3 + 2*j**2 + 3*j - 3. Suppose -g - 3 = x, -2*x + x = 5. Suppose 3*v = l + 3 - 17, -3*v - 8 = g*l. Give h(l).
3
Let l(g) = 15 - 6952*g - 8 + 6958*g - 3*g**2. What is l(5)?
-38
Suppose 5*m = -0*y - y + 38, -1 = m. Suppose -41 + y = -i. Let n(x) = 3*x**2 - 3*x - 2. Determine n(i).
16
Let m(w) = 65*w - 1948. Let x be m(30). Let q(y) be the first derivative of y**3 - 1/4*y**4 + 5/2*y**x - 2*y - 17. What is q(3)?
13
Let u(p) = p**2 - 4*p - 44. Let m(d) = -d**3 - 23*d**2 - 55*d + 95. Let k be m(-20). Give u(k).
1
Let q(n) = 2*n + 7. Let d be -18 + (-126)/(-36) + 20/(-8) + 1. Give q(d).
-25
Let y(z) = z**3 - 17*z**2 - 20*z + 47. Let i(k) = 863*k + 18. Let m be i(0). Determine y(m).
11
Suppose -v = 19 - 31. Let c(b) = 18 + 5*b + v - 3*b**2 - 32 + 7*b**2 - b**3. What is c(5)?
-2
Let d(r) be the second derivative of 5*r**3/2 - 24*r**2 + 299*r + 1. Determine d(5).
27
Let d(j) = 10*j**3 + 2*j - 6 - 30*j**3 + 6*j**2 + 19*j**3. Let k be d(6). Let o(l) = l**2 - 4*l. Let y(t)